2, 3
Let b be 10/3*18/12. Let q(d) be the first derivative of 5*d**2 + 6*d - 2. What are the prime factors of q(b)?
2, 7
Suppose -3*r + 1551 = -2*v, -143 - 1930 = -4*r + v. What are the prime factors of r?
3, 173
Suppose -6*s + 9 + 21 = 0. Suppose 0 = -s*d + 5*x + 260, 5*d - 2*x - 276 = -x. Suppose 0 = 6*a - d - 304. List the prime factors of a.
2, 3, 5
Suppose 3*u - 2*h = 5, 4*h - 12 - 2 = -2*u. Suppose 3*n = -2*k + 266, u*k + 0*n = -n + 399. List the prime factors of k.
7, 19
What are the prime factors of (-46096)/(-13) - 62/(-403)?
2, 3, 197
Suppose -4*q + 878 = 5*z - 622, 5*z - q - 1500 = 0. Suppose -4*d + 610 = 3*x, 3*x + z = 2*d + 7*x. What are the prime factors of d?
2, 7, 11
Let l = 1831 - 1240. List the prime factors of l.
3, 197
Let s(n) = n**3 + 22*n**2 - 14*n - 31. List the prime factors of s(-18).
37, 41
Let t(d) = 16*d - 66. What are the prime factors of t(6)?
2, 3, 5
Let a = -3509 + 6110. What are the prime factors of a?
3, 17
Let p(h) = -h**2 - 11*h - 6. Let q be p(-7). List the prime factors of 56 + q + 1 + (0 - -2).
3
Let a(y) = 2*y - 20. Let l be a(8). List the prime factors of (l - 0)/(7/(-154)).
2, 11
What are the prime factors of (-315 + 12)*(-4)/((-12)/(-39))?
3, 13, 101
Let n(y) be the second derivative of -y**5/20 + y**4/3 + y**3/3 + 2*y**2 + 8*y. Let s be 1/(-4) - 26/(-8). What are the prime factors of n(s)?
19
Let w(l) = -l**2 + 2*l + 4. Let o be w(3). Let m(a) = 80*a**2 - 1. What are the prime factors of m(o)?
79
Let n(h) be the third derivative of 5*h**4/24 + 13*h**3/3 + 10*h**2. List the prime factors of n(12).
2, 43
Let u(i) = i**3 + 0 - 22 - 7*i**2 + i**2 + 6*i - 5*i**2. List the prime factors of u(12).
2, 97
Let t(x) = -x**2 - 10*x - 24. Let d be t(-6). Suppose -461 - 59 = -4*h. Suppose d = -6*w + 3*w - 5*m + h, 4*w - 2*m - 208 = 0. List the prime factors of w.
2, 5
Let c = -24 + 53. Let x be 4/(-12)*c*3. Let o = -8 - x. List the prime factors of o.
3, 7
Let h(m) = -m**3 + 11*m**2 + 7*m + 15. List the prime factors of h(9).
2, 3, 5
List the prime factors of (11/(-5))/(36/(-360)).
2, 11
Suppose -5*t = 5*u - 4987 + 1047, 4*t = -2*u + 3160. List the prime factors of t.
2, 3, 11
Suppose -2*j + 5 + 13 = -2*a, 8 = -2*a. Suppose -f = j*f - 72. List the prime factors of f.
2, 3
Let h be (-32)/12 - 2/6. List the prime factors of h + (-2)/2 + 136.
2, 3, 11
Suppose -3*z + 10416 = 3*y, 0 = -y - 9 + 6. What are the prime factors of z?
5, 139
Suppose -47 - 13 = -15*b. Suppose -b*v - 21 = -117. What are the prime factors of v?
2, 3
Let k(b) = b**3 + 8*b**2 + 8*b + 11. Let x be k(-7). Suppose 3*r + 3*l = 10 - 31, 37 = -x*r + 5*l. Let w(o) = -o + 12. What are the prime factors of w(r)?
2, 5
Let g be (-2 + -157)*(-2)/(-6). Let y = g + 170. List the prime factors of y.
3, 13
Suppose 4*l - 12 = 0, -3*l + 7 + 2 = -4*f. Let p(d) be the first derivative of d**4/4 + 32*d - 21. What are the prime factors of p(f)?
2
Let s be (-8)/(-10) + 24/(-5). Let m be (10/4)/(2/s). What are the prime factors of m/(-1)*(-45)/(-25)?
3
Suppose 3*q = -4*v + 9 + 7, -2*v + 8 = -2*q. Suppose 2*g + 17 + 31 = q. Let c = g - -43. List the prime factors of c.
19
Suppose -48 - 32 = -8*a. Suppose a*s - 114 = 7*s. What are the prime factors of s?
2, 19
Let c(t) = -t**3 - 6*t**2 - 2*t - 17. Suppose 2*s - o + 13 = 0, s - o + 2 + 4 = 0. Let z be c(s). Let n = z + -18. List the prime factors of n.
2, 7
Suppose n = -2*n + 6. Suppose 0 = -0*u - n*u. Suppose u = 4*o - z - 144, 113 - 14 = 3*o - 3*z. What are the prime factors of o?
37
Suppose -2 = -2*h, 7*w - 5*h - 334 = 4*w. Suppose 10*c + w = 313. List the prime factors of c.
2, 5
Let a = -347 + 1245. List the prime factors of a.
2, 449
Let c(r) = r**3 - 6*r**2 + 113*r - 14. List the prime factors of c(12).
2, 1103
Let q(w) = -32*w**2 + 8*w + 3. Let t be q(-2). Let j = t - -300. List the prime factors of j.
3, 53
Suppose q + 4*q - 19 = -3*k, k = q + 1. Suppose 143 = k*u - 136. List the prime factors of u.
3, 31
Let y(x) = x**3 + 13*x**2 + 12*x + 20. Let o be y(-8). Suppose -4*m = q - 0*q - 236, -q - o = -4*m. What are the prime factors of m?
2, 3, 5
Let f = -307 - -333. Suppose 2*c = -0*c + 2. What are the prime factors of f*1*(c + 0)?
2, 13
Let l be (-783)/(-5) - 2/(-5). Suppose 3*n = -2*d + l, -2 - 10 = 4*n. What are the prime factors of d?
83
Suppose -3*q + 6*q = 5*z - 15655, 12531 = 4*z - q. What are the prime factors of z?
2, 1567
What are the prime factors of 1 - (2541/9)/((-2)/18)?
2, 31, 41
Suppose 5*l = 3 + 22. Suppose 0 = 5*t - l*f - 290, 103 = 2*t - 3*f - 8. List the prime factors of t.
3, 7
Let i(x) = -34*x**3 + 2*x**2 - 2*x - 4. What are the prime factors of i(-2)?
2, 5, 7
Let g(o) = 494*o - 32. What are the prime factors of g(2)?
2, 239
Suppose 0 - 25 = -5*l. Suppose 0 = -l*n - 20 + 85. List the prime factors of n/((-273)/(-90))*7.
2, 3, 5
Let a(o) = 3*o**2 - 6. Let b be a(-2). Suppose 0 = -b*c + 423 - 105. List the prime factors of c.
53
Suppose -4 = -2*g - 0. Suppose 0 = 3*l - 5 - 4. Suppose 98 = 5*z - l*n - 181, -5*n - 123 = -g*z. List the prime factors of z.
2, 3
Suppose 4*z = -4*g + 4448, -2*g - 31*z + 2230 = -32*z. What are the prime factors of g?
2, 557
Suppose 0 = 3*d - 3, -356*d + 354*d - 11790 = -4*x. List the prime factors of x.
2, 11, 67
Let w(m) = -52*m**2 - m - 2. Let i be w(-2). Let u = i - 185. List the prime factors of u/(-9) + (-8)/12.
43
Suppose -15 = 10*y - 15*y. Let g(p) = -y*p + 15*p - 3*p + 1 - p**2 - 3. List the prime factors of g(6).
2
Let y = 4 + -1. Suppose -m - 8 = y*m. What are the prime factors of m*(2 + (-13)/2)?
3
Let d(h) = 56*h**2 - 40*h - 7. What are the prime factors of d(-9)?
4889
Suppose -v - 40 = -597. What are the prime factors of v?
557
Let d = 21 + -4. Let a(j) = j**3 - 16*j**2 - 9*j + 4. List the prime factors of a(d).
2, 5, 7
Suppose -2*o - 4*z + 3482 = 0, 3*o - 1881 = 4*z + 3292. List the prime factors of o.
3, 577
Suppose 0*h + h - 3 = 0. Let m = -1 + 5. Suppose 0*v + 63 = h*j - v, -4*v - 76 = -m*j. What are the prime factors of j?
2, 11
Let q be 2/(-5) + 6514/10. Suppose 0*z + q = 7*z. Let n = z - 54. What are the prime factors of n?
3, 13
What are the prime factors of (-27)/(-99) + (-79965)/(-99)?
2, 101
Suppose -i + v + 405 = 0, 214*v - 215*v = i - 415. What are the prime factors of i?
2, 5, 41
Let j(o) = 3*o**2 + 18*o - 18. Let p be j(9). Suppose h + l + p = 3*h, -l = -4*h + 775. What are the prime factors of h?
2, 97
Let l = 16 - 11. Suppose 4*d = v + 19 - 98, -5*d = -l*v + 350. List the prime factors of v.
67
Suppose -3*u = 2*u - 15. Let t be 10*4 + -5 + u. Let y = 70 - t. What are the prime factors of y?
2
Let o(x) = -49*x**2 + 5*x - 11. Let d(k) = -24*k**2 + 2*k - 5. Let h(p) = -5*d(p) + 2*o(p). List the prime factors of h(-2).
7, 13
List the prime factors of (-10714)/33*-6 - (-3 - -9).
2, 971
Let y = -97 - -95. List the prime factors of -3 + 9 + y/1 + 25.
29
Suppose 0 = -7*u + 11*u + 604. Let y = 223 + u. What are the prime factors of y?
2, 3
Suppose 0 = -5*j + 3*v + 76, -j + 0*j + 3*v = -20. Let c = 48 + j. What are the prime factors of c?
2, 31
Suppose -4*z + 8 = -3*n, -4*n - 6 + 0 = -3*z. Let c = z + 30. Let d = 0 + c. What are the prime factors of d?
2
List the prime factors of (-9)/72 + 47931/24.
1997
Let f = 14 - -26. Suppose -2*v + 3*d + 129 = -f, d - 97 = -v. List the prime factors of v.
2, 23
Let b = -231 + 564. Suppose -441 = -4*q - r, -q + b = 2*q + 3*r. What are the prime factors of q/2 - (1 - -3)?
3, 17
Let l be (-4)/(-12) + 33/9 + 0. Suppose 0 = -l*t - 12, 3*j + 5*t = 2*j - 10. What are the prime factors of j?
5
Let z(a) = a**2 - 4*a + 8. Let k be z(7). Suppose 4*m - k = 23. Suppose -5*b + 4*b = -m. What are the prime factors of b?
13
Let x(d) = -43*d - 162. What are the prime factors of x(-18)?
2, 3, 17
Let b be 198/27*(19 + -1). Let s = b + -74. What are the prime factors of s?
2, 29
Suppose 2*v - 74 - 178 = 0. List the prime factors of v.
2, 3, 7
Let x = 2691 + -1032. List the prime factors of x.
3, 7, 79
Let a(d) be the first derivative of d**4/8 - d**3/6 - 2*d**2 + 1. Let h(y) be the second derivative of a(y). List the prime factors of h(10).
29
Suppose n = -4*z - 18, 0*n - 2*z - 6 = 2*n. Let w be (3 + (-7)/n)*-30. Suppose j - 18 - w = 0. List the prime factors of j.
3, 11
Let r be (-12)/(-54) + (-104)/(-18). Let h(m) = m**2 - 